 = 236. Let q(f) = f**2 - 10*f - 15. Calculate the remainder when s is divided by q(13).
22
Let i(y) = y + 5. Let g(n) = n + 11. Let c be g(-8). Suppose -v = c*v - 76. Calculate the remainder when v is divided by i(5).
9
Suppose -2268 = -2*c + 20*c. Let t = c + 133. Calculate the remainder when 20 is divided by t.
6
Let i(f) = f**3 + 12*f**2 + 33*f + 100. What is the remainder when i(-9) is divided by 6?
4
Let i(j) = 65*j - 310. Calculate the remainder when i(6) is divided by 17.
12
Let b = 756 + -319. Calculate the remainder when b is divided by 34.
29
Let t = 38 + -38. Suppose -6*a - 107 + 545 = t. What is the remainder when a is divided by 19?
16
Let u = 6 - 0. Suppose -o - u = -83. Suppose 2*y + t + 19 = 71, -78 = -3*y + 3*t. What is the remainder when o is divided by y?
25
Suppose -2*y + 4 = 4*s, 8*s = -5*y + 3*s + 30. Calculate the remainder when 37 is divided by y.
7
Let l(j) = -12*j**3 - 6*j**2 - 6*j - 3. Calculate the remainder when l(-3) is divided by 72.
69
Suppose 7*n = -17 + 41 + 95. What is the remainder when (-41)/(-4)*4*1 is divided by n?
7
Let k(o) = o**2 - 10*o - 7. Let m be k(11). Let y(z) = z**2 + 2*z - 3. What is the remainder when 61 is divided by y(m)?
19
Suppose -5 = n - 1, -5*n + 7 = 3*r. Let h = 134 + -156. Calculate the remainder when 440/h*(-8)/10 is divided by r.
7
Let m be (-2 - -5)/(-3)*(-3 + -80). Let w = m - 2. Calculate the remainder when w is divided by 12.
9
Let i be -1 + -1*(0 + 1). Calculate the remainder when (12/5)/(i/(-10)) is divided by (-3*8/(-72))/((-2)/(-48)).
4
Let v(z) = -16*z - 329. Calculate the remainder when v(-22) is divided by 6.
5
Calculate the remainder when 69/1*(-2120)/(-159) is divided by 71.
68
Let u(n) = n**3 + 4*n**2 - 6*n + 2. Let k(b) = -64*b - 1. Let t be k(-1). Let q be (-1)/(-4) - t/12. Calculate the remainder when u(q) is divided by 5.
2
Let b be (-15)/(-2)*(-8)/(-6). Let y(f) = -3*f**2 + 30*f + 12. Calculate the remainder when (6/5)/(3/50) is divided by y(b).
8
What is the remainder when 307 is divided by -4 + (-1 - -9) + 20?
19
Let n(y) = -22*y**3 + 5*y**2 + 11*y + 4. Calculate the remainder when n(-2) is divided by 26.
22
Let t = -22 - -28. Let p(l) = 7*l - 23. Suppose -4*i - u = -214, 0 = -0*u - 2*u - 4. What is the remainder when i is divided by p(t)?
16
Let z = 556 + -392. What is the remainder when z is divided by 17?
11
Suppose 139 = 35*z + 34. Let d(p) = 2*p - 7. Let w be d(5). Suppose 0 = z*a - 4*a - 4*h + 16, -a = w*h - 20. Calculate the remainder when a is divided by 7.
4
Suppose -6*s + v + 61 = -s, 2*v + 44 = 4*s. Suppose 2*g + 0*c + c - 51 = 0, -3*c + 130 = 5*g. Calculate the remainder when g is divided by s.
10
Let m(r) = 2*r + 1. Let h be m(-4). Let s(n) = -n**3 - 6*n**2 + 6*n - 16. Let i be s(-7). Let l = h - i. Calculate the remainder when 2 is divided by l.
0
Suppose 2*q + 2*q - 94 = -g, 0 = g + q - 88. Calculate the remainder when 250 is divided by g.
78
Suppose -5*f - t = -263, -f + 3*t = 2*f - 165. Let d(i) = 3*i**2 + 7*i + 8. What is the remainder when f is divided by d(-4)?
25
Suppose -5*z + 7 = -2*g - 12, g = z - 2. Suppose 25 = 5*v, -2*k + 3*k - z*v - 33 = 0. What is the remainder when k is divided by 20?
18
Let u(y) = 2*y**2 - 3. Let t be u(-5). Suppose t = 3*m - 4*s + 6*s, -5*m = 5*s - 85. What is the remainder when 24 is divided by m?
11
Let s = 100 - 95. Suppose -4*b + 66 = 14. Suppose 6 + b = i. What is the remainder when i is divided by s?
4
Let k(s) = -26*s**2 + 86*s - 2. Calculate the remainder when 263 is divided by k(3).
21
Let m be -3 - -5 - (-2)/(-2). Calculate the remainder when m*(0 + (-2 - -7)) is divided by -1 - 2/(-4)*6.
1
Let t be 22/6 + 4/(-6). Suppose -s - 36 = -2*v + 3*s, 4*s + 12 = 0. Suppose -t*o = v - 72. Calculate the remainder when o is divided by 7.
6
Suppose 13*b - 14*b + 22 = 0. Suppose -b = -t + 37. Calculate the remainder when t is divided by 12.
11
Let t(k) = -2*k + 1. Let c be (7 - (-4 + 7)) + -2. Suppose -u + 81 = c*u. Calculate the remainder when u is divided by t(-7).
12
Suppose -3*t + 4*t = 210. Suppose -45 = -5*v + t. Calculate the remainder when v is divided by 9.
6
Let w = 53 - 37. Suppose w*a - a = 585. What is the remainder when 154 is divided by a?
37
Let c(j) = 102*j - j**3 - 102*j - 2*j**2 + 3. Suppose 9 = -4*v + q, -4*v + 2*q = -6*v - 12. Calculate the remainder when c(v) is divided by 5.
2
Let n = 29 - 17. Suppose 2*c + n = 4*c. What is the remainder when c/9 + (-736)/(-12) is divided by 16?
14
Let d be -165*(42/(-10) - -3)*1. Suppose 0*x - 11*x + d = 0. Let q = 36 + -2. What is the remainder when q is divided by x?
16
Let s = 193 - 160. Calculate the remainder when 64 is divided by s.
31
Suppose 0*y + 76 = 2*y. Suppose -7*q = -6*q - 10. What is the remainder when y is divided by q?
8
Suppose a + 4*b - 151 - 279 = 0, 1260 = 3*a - 3*b. What is the remainder when a is divided by 47?
46
Suppose -x = -16 - 3. Let p = -10 + x. Suppose 2*n - 41 = -3*o, -4*n + 2*o - o = -103. What is the remainder when n is divided by p?
7
Suppose 5*g - 180 = -5*q, 4*g + 3*q - 363 + 215 = 0. What is the remainder when 106 is divided by g?
26
Let s be 2/(-10) + (-2)/(-10). Suppose -4*x + m + 33 = 0, -2*x + 9 + 5 = 2*m. Let i = s + x. Calculate the remainder when i is divided by 5.
3
Suppose 2*o - 20 = -m, -o = 3*m + 4*o - 63. Suppose 2 = b - 101. What is the remainder when b is divided by m?
25
Suppose -3*k + 6*k - 309 = 0. Calculate the remainder when k is divided by 298/14 + (-3)/((-147)/(-14)).
19
Let w(v) = -5*v + 6. What is the remainder when 143 is divided by w(-6)?
35
Suppose 0 = 5*s - 10*b + 14*b - 95, -135 = -5*s + 4*b. Calculate the remainder when 89 is divided by s.
20
Let n = -2040 + 2263. What is the remainder when n is divided by 7?
6
Suppose -12 - 60 = -6*q. Suppose -9*n + q*n - 15 = 0. What is the remainder when n is divided by 2?
1
Suppose -4*t = t - 205. Let h(d) = 2*d**2 + 4*d - 42. What is the remainder when t is divided by h(4)?
5
Suppose -5*g = -3*h - 93, -3*h = g + 2 - 17. Let l(x) = -x**2 - 2*x. Let n be l(-2). Suppose 10 = -n*c + c. Calculate the remainder when g is divided by c.
8
Suppose 3*i - q + 3*q - 2 = 0, 4*q = 2*i - 12. Let n(z) = 6*z + 1. What is the remainder when 24 is divided by n(i)?
11
Suppose -4*a + 11 = 2*d - 1, 4*d + 8 = 0. Suppose 0 = -v - v + 20. Calculate the remainder when v is divided by a.
2
Let v = 41 - 35. Let s = -3 + v. Suppose -30 = -2*p + 2*f, 0*f = -p + 4*f + 27. What is the remainder when p is divided by s?
2
Suppose 7*h + 315 = -2*h. Let m = h + 43. What is the remainder when 46 is divided by m?
6
Let b be (-12)/(-1)*(-13)/(-2). Suppose 4*c - 104 = 3*y, 2*y = -3*c - y + b. Suppose 0 = g - 3*g + c. What is the remainder when 23 is divided by g?
10
Let c be (-4)/26 + 3836/91. Suppose 3*k = k + c. Suppose 0 = x - 9 - 3. What is the remainder when k is divided by x?
9
Let v = -4 + 6. Suppose -7 = -u - 5*a + 2, -7 = 3*u - v*a. What is the remainder when 4*(u - -2) - -30 is divided by 12?
10
Suppose -2*k = 3*k - 3*f + 748, -2*k + 4*f - 288 = 0. What is the remainder when 2/(-6)*(-22 + k) is divided by 30?
28
Let n(d) = -d**3 + 9*d**2 + 14*d - 5. Suppose -139*c - 16 = -143*c. Calculate the remainder when n(10) is divided by c.
3
Let f(y) = -y - 3. Let c be f(-8). Suppose 231 = c*z + 11. Calculate the remainder when 173 is divided by z.
41
Suppose 0*c - 4*c = -60. Let b be 5/10 + 162/(-4). Calculate the remainder when b/(-1) - 0 - -2 is divided by c.
12
Let j(b) = b**3 + 7*b**2 - b - 3. Let l be j(-7). Let g be ((-16)/(l/1))/2. What is the remainder when 119 is divided by 1 + 31 + 4/g?
29
Let w(s) = 4*s**2 - s**2 + 0*s**2 + 2*s - 2 - 2*s**2. Let z(l) = -l**3 + 4*l**2 - 7. Let r be z(3). What is the remainder when 23 is divided by w(r)?
5
Suppose 0 = -12*a + 3*a + 36. Suppose -2*d = -a + 2, 0 = -2*r - 2*d + 46. Calculate the remainder when r is divided by 6.
4
Suppose 19*p - 495 - 1253 = 0. Calculate the remainder when p is divided by 19.
16
Suppose -5*a - 34 - 56 = 0. Let w = 30 + a. What is the remainder when 22 is divided by w?
10
Calculate the remainder when ((2 - 0)*1)/((-9)/(-261)) is divided by 8.
2
Suppose -5*o + 11*l = 16*l - 40, o - 2*l = 8. What is the remainder when 21 - (3 + -4 + 2) is divided by o?
4
Let x(j) be the first derivative of 2*j**3/3 - 11*j**2/2 + 18*j -